{"id":21,"date":"2025-04-17T16:10:34","date_gmt":"2025-04-17T16:10:34","guid":{"rendered":"https:\/\/pokojenadmorzemewak.pl\/?page_id=21"},"modified":"2025-05-04T22:34:02","modified_gmt":"2025-05-04T22:34:02","slug":"doba-hotelowa","status":"publish","type":"page","link":"https:\/\/pokojenadmorzemewak.pl\/index.php\/doba-hotelowa\/","title":{"rendered":"Doba hotelowa"},"content":{"rendered":"\n<p class=\"has-medium-font-size\"><\/p>\n\n\n\n<div class=\"wp-block-media-text has-media-on-the-right is-stacked-on-mobile\" style=\"grid-template-columns:auto 38%\"><div class=\"wp-block-media-text__content\">\n<p class=\"has-medium-font-size\">Dzie\u0144 pobytu w naszym o\u015brodku rozpoczyna si\u0119 od godziny&nbsp;<strong>16-tej<\/strong>, a ko\u0144czy o godzinie<br><strong>10-tej<\/strong>&nbsp;dnia nast\u0119pnego.<br>Prosimy o zrozumienie tego faktu, wszak musimy mie\u0107 czas na przygotowanie pokoi.<\/p>\n\n\n\n<p class=\"has-medium-font-size\">Oczywi\u015bcie jest to zasada, kt\u00f3r\u0105 w ramach mo\u017cliwo\u015bci ch\u0119tnie naginamy na Pa\u0144stwa korzy\u015b\u0107, lecz o takiej konieczno\u015bci spodziewamy si\u0119 wiedzie\u0107 wcze\u015bniej.<\/p>\n<\/div><figure class=\"wp-block-media-text__media\"><img loading=\"lazy\" decoding=\"async\" width=\"1280\" height=\"720\" src=\"https:\/\/pokojenadmorzemewak.pl\/wp-content\/uploads\/2025\/04\/464328923_8442746792488902_4772886023626806991_n.jpg\" alt=\"\" class=\"wp-image-106 size-full\"\/><\/figure><\/div>\n","protected":false},"excerpt":{"rendered":"<p>Dzie\u0144 pobytu w naszym o\u015brodku rozpoczyna si\u0119 od godziny&nbsp;16-tej, a ko\u0144czy o godzinie10-tej&nbsp;dnia nast\u0119pnego.Prosimy o zrozumienie tego faktu, wszak musimy mie\u0107 czas na przygotowanie pokoi. Oczywi\u015bcie jest to zasada, kt\u00f3r\u0105 [&hellip;]<\/p>\n","protected":false},"author":2,"featured_media":0,"parent":0,"menu_order":0,"comment_status":"closed","ping_status":"closed","template":"","meta":{"footnotes":""},"class_list":["post-21","page","type-page","status-publish","hentry"],"_links":{"self":[{"href":"https:\/\/pokojenadmorzemewak.pl\/index.php\/wp-json\/wp\/v2\/pages\/21","targetHints":{"allow":["GET"]}}],"collection":[{"href":"https:\/\/pokojenadmorzemewak.pl\/index.php\/wp-json\/wp\/v2\/pages"}],"about":[{"href":"https:\/\/pokojenadmorzemewak.pl\/index.php\/wp-json\/wp\/v2\/types\/page"}],"author":[{"embeddable":true,"href":"https:\/\/pokojenadmorzemewak.pl\/index.php\/wp-json\/wp\/v2\/users\/2"}],"replies":[{"embeddable":true,"href":"https:\/\/pokojenadmorzemewak.pl\/index.php\/wp-json\/wp\/v2\/comments?post=21"}],"version-history":[{"count":4,"href":"https:\/\/pokojenadmorzemewak.pl\/index.php\/wp-json\/wp\/v2\/pages\/21\/revisions"}],"predecessor-version":[{"id":233,"href":"https:\/\/pokojenadmorzemewak.pl\/index.php\/wp-json\/wp\/v2\/pages\/21\/revisions\/233"}],"wp:attachment":[{"href":"https:\/\/pokojenadmorzemewak.pl\/index.php\/wp-json\/wp\/v2\/media?parent=21"}],"curies":[{"name":"wp","href":"https:\/\/api.w.org\/{rel}","templated":true}]}}